{"id":610,"date":"2024-06-05T18:28:29","date_gmt":"2024-06-05T16:28:29","guid":{"rendered":"https:\/\/zeplace4you.com\/index.php\/panier\/"},"modified":"2024-06-05T19:03:41","modified_gmt":"2024-06-05T17:03:41","slug":"panier","status":"publish","type":"page","link":"https:\/\/zeplace4you.com\/index.php\/panier\/","title":{"rendered":"Panier"},"content":{"rendered":"\t\t<div data-elementor-type=\"wp-page\" data-elementor-id=\"610\" class=\"elementor elementor-610\" data-elementor-post-type=\"page\">\n\t\t\t\t<div class=\"elementor-element elementor-element-27234854 e-flex e-con-boxed e-con e-parent\" data-id=\"27234854\" data-element_type=\"container\">\n\t\t\t\t\t<div class=\"e-con-inner\">\n\t\t\t\t\t<\/div>\n\t\t\t\t<\/div>\n\t\t<div class=\"elementor-element elementor-element-560343c e-flex e-con-boxed e-con e-parent\" data-id=\"560343c\" data-element_type=\"container\">\n\t\t\t\t\t<div class=\"e-con-inner\">\n\t\t\t\t<div class=\"elementor-element elementor-element-2197a10 elementor-widget elementor-widget-button\" data-id=\"2197a10\" data-element_type=\"widget\" data-widget_type=\"button.default\">\n\t\t\t\t<div class=\"elementor-widget-container\">\n\t\t\t\t\t\t\t\t\t<div class=\"elementor-button-wrapper\">\n\t\t\t\t\t<a class=\"elementor-button elementor-button-link elementor-size-sm\" href=\"#\">\n\t\t\t\t\t\t<span class=\"elementor-button-content-wrapper\">\n\t\t\t\t\t\t\t\t\t<span class=\"elementor-button-text\">Pr\u00e9parez votre arriv\u00e9e<\/span>\n\t\t\t\t\t<\/span>\n\t\t\t\t\t<\/a>\n\t\t\t\t<\/div>\n\t\t\t\t\t\t\t\t<\/div>\n\t\t\t\t<\/div>\n\t\t\t\t<div class=\"elementor-element elementor-element-1f36495 elementor-widget elementor-widget-button\" data-id=\"1f36495\" data-element_type=\"widget\" data-widget_type=\"button.default\">\n\t\t\t\t<div class=\"elementor-widget-container\">\n\t\t\t\t\t\t\t\t\t<div class=\"elementor-button-wrapper\">\n\t\t\t\t\t<a class=\"elementor-button elementor-button-link elementor-size-sm\" href=\"#\">\n\t\t\t\t\t\t<span class=\"elementor-button-content-wrapper\">\n\t\t\t\t\t\t\t\t\t<span class=\"elementor-button-text\">Plan d'acc\u00e8s<\/span>\n\t\t\t\t\t<\/span>\n\t\t\t\t\t<\/a>\n\t\t\t\t<\/div>\n\t\t\t\t\t\t\t\t<\/div>\n\t\t\t\t<\/div>\n\t\t\t\t\t<\/div>\n\t\t\t\t<\/div>\n\t\t\t\t<\/div>\n\t\t","protected":false},"excerpt":{"rendered":"<p>Supprimer l\u2019\u00e9l\u00e9ment Miniature Produit Prix Quantit\u00e9 Sous-total &times; Rendez-vous&nbsp; Infos du rendez-vous: Heure locale: 25 juin 2024 8h30 service: Salle de r\u00e9union 1\/2 Journ\u00e9e employee: Salle De Reunion Total Number of People: 1 Champs personnalis\u00e9s: Soci\u00e9t\u00e9: GMX DEV 100,00&nbsp;&euro; quantit\u00e9 de Rendez-vous 100,00&nbsp;&euro; Total R\u00e9servation Sous-total 100,00&nbsp;&euro; TVA 20,00&nbsp;&euro; Total 120,00&nbsp;&euro; Valider Pr\u00e9parez votre arriv\u00e9e [&hellip;]<\/p>\n","protected":false},"author":1,"featured_media":0,"parent":0,"menu_order":0,"comment_status":"closed","ping_status":"closed","template":"elementor_header_footer","meta":{"footnotes":""},"class_list":["post-610","page","type-page","status-publish","hentry"],"yoast_head":"<!-- This site is optimized with the Yoast SEO plugin v25.9 - https:\/\/yoast.com\/wordpress\/plugins\/seo\/ -->\n<title>Panier - ZePlace4You<\/title>\n<meta name=\"robots\" content=\"index, follow, max-snippet:-1, max-image-preview:large, max-video-preview:-1\" \/>\n<link rel=\"canonical\" href=\"https:\/\/zeplace4you.com\/index.php\/panier\/\" \/>\n<meta property=\"og:locale\" content=\"fr_FR\" \/>\n<meta property=\"og:type\" content=\"article\" \/>\n<meta property=\"og:title\" content=\"Panier - ZePlace4You\" \/>\n<meta property=\"og:description\" content=\"Supprimer l\u2019\u00e9l\u00e9ment Miniature Produit Prix Quantit\u00e9 Sous-total &times; Rendez-vous&nbsp; Infos du rendez-vous: Heure locale: 25 juin 2024 8h30 service: Salle de r\u00e9union 1\/2 Journ\u00e9e employee: Salle De Reunion Total Number of People: 1 Champs personnalis\u00e9s: Soci\u00e9t\u00e9: GMX DEV 100,00&nbsp;&euro; quantit\u00e9 de Rendez-vous 100,00&nbsp;&euro; Total R\u00e9servation Sous-total 100,00&nbsp;&euro; TVA 20,00&nbsp;&euro; Total 120,00&nbsp;&euro; Valider Pr\u00e9parez votre arriv\u00e9e [&hellip;]\" \/>\n<meta property=\"og:url\" content=\"https:\/\/zeplace4you.com\/index.php\/panier\/\" \/>\n<meta property=\"og:site_name\" content=\"ZePlace4You\" \/>\n<meta property=\"article:modified_time\" content=\"2024-06-05T17:03:41+00:00\" \/>\n<meta property=\"og:image\" content=\"https:\/\/zeplace4you.com\/wp-content\/uploads\/woocommerce-placeholder.png\" \/>\n<meta name=\"twitter:card\" content=\"summary_large_image\" \/>\n<meta name=\"twitter:label1\" content=\"Dur\u00e9e de lecture estim\u00e9e\" \/>\n\t<meta name=\"twitter:data1\" content=\"1 minute\" \/>\n<script type=\"application\/ld+json\" class=\"yoast-schema-graph\">{\"@context\":\"https:\/\/schema.org\",\"@graph\":[{\"@type\":\"WebPage\",\"@id\":\"https:\/\/zeplace4you.com\/index.php\/panier\/\",\"url\":\"https:\/\/zeplace4you.com\/index.php\/panier\/\",\"name\":\"Panier - ZePlace4You\",\"isPartOf\":{\"@id\":\"https:\/\/zeplace4you.com\/#website\"},\"primaryImageOfPage\":{\"@id\":\"https:\/\/zeplace4you.com\/index.php\/panier\/#primaryimage\"},\"image\":{\"@id\":\"https:\/\/zeplace4you.com\/index.php\/panier\/#primaryimage\"},\"thumbnailUrl\":\"https:\/\/zeplace4you.com\/wp-content\/uploads\/woocommerce-placeholder.png\",\"datePublished\":\"2024-06-05T16:28:29+00:00\",\"dateModified\":\"2024-06-05T17:03:41+00:00\",\"breadcrumb\":{\"@id\":\"https:\/\/zeplace4you.com\/index.php\/panier\/#breadcrumb\"},\"inLanguage\":\"fr-FR\",\"potentialAction\":[{\"@type\":\"ReadAction\",\"target\":[\"https:\/\/zeplace4you.com\/index.php\/panier\/\"]}]},{\"@type\":\"ImageObject\",\"inLanguage\":\"fr-FR\",\"@id\":\"https:\/\/zeplace4you.com\/index.php\/panier\/#primaryimage\",\"url\":\"https:\/\/zeplace4you.com\/wp-content\/uploads\/woocommerce-placeholder.png\",\"contentUrl\":\"https:\/\/zeplace4you.com\/wp-content\/uploads\/woocommerce-placeholder.png\",\"width\":1200,\"height\":1200},{\"@type\":\"BreadcrumbList\",\"@id\":\"https:\/\/zeplace4you.com\/index.php\/panier\/#breadcrumb\",\"itemListElement\":[{\"@type\":\"ListItem\",\"position\":1,\"name\":\"Accueil\",\"item\":\"https:\/\/zeplace4you.com\/\"},{\"@type\":\"ListItem\",\"position\":2,\"name\":\"Panier\"}]},{\"@type\":\"WebSite\",\"@id\":\"https:\/\/zeplace4you.com\/#website\",\"url\":\"https:\/\/zeplace4you.com\/\",\"name\":\"ZePlace4You\",\"description\":\"Votre espace de coworking\",\"potentialAction\":[{\"@type\":\"SearchAction\",\"target\":{\"@type\":\"EntryPoint\",\"urlTemplate\":\"https:\/\/zeplace4you.com\/?s={search_term_string}\"},\"query-input\":{\"@type\":\"PropertyValueSpecification\",\"valueRequired\":true,\"valueName\":\"search_term_string\"}}],\"inLanguage\":\"fr-FR\"}]}<\/script>\n<!-- \/ Yoast SEO plugin. -->","yoast_head_json":{"title":"Panier - ZePlace4You","robots":{"index":"index","follow":"follow","max-snippet":"max-snippet:-1","max-image-preview":"max-image-preview:large","max-video-preview":"max-video-preview:-1"},"canonical":"https:\/\/zeplace4you.com\/index.php\/panier\/","og_locale":"fr_FR","og_type":"article","og_title":"Panier - ZePlace4You","og_description":"Supprimer l\u2019\u00e9l\u00e9ment Miniature Produit Prix Quantit\u00e9 Sous-total &times; Rendez-vous&nbsp; Infos du rendez-vous: Heure locale: 25 juin 2024 8h30 service: Salle de r\u00e9union 1\/2 Journ\u00e9e employee: Salle De Reunion Total Number of People: 1 Champs personnalis\u00e9s: Soci\u00e9t\u00e9: GMX DEV 100,00&nbsp;&euro; quantit\u00e9 de Rendez-vous 100,00&nbsp;&euro; Total R\u00e9servation Sous-total 100,00&nbsp;&euro; TVA 20,00&nbsp;&euro; Total 120,00&nbsp;&euro; Valider Pr\u00e9parez votre arriv\u00e9e [&hellip;]","og_url":"https:\/\/zeplace4you.com\/index.php\/panier\/","og_site_name":"ZePlace4You","article_modified_time":"2024-06-05T17:03:41+00:00","og_image":[{"url":"https:\/\/zeplace4you.com\/wp-content\/uploads\/woocommerce-placeholder.png","type":"","width":"","height":""}],"twitter_card":"summary_large_image","twitter_misc":{"Dur\u00e9e de lecture estim\u00e9e":"1 minute"},"schema":{"@context":"https:\/\/schema.org","@graph":[{"@type":"WebPage","@id":"https:\/\/zeplace4you.com\/index.php\/panier\/","url":"https:\/\/zeplace4you.com\/index.php\/panier\/","name":"Panier - ZePlace4You","isPartOf":{"@id":"https:\/\/zeplace4you.com\/#website"},"primaryImageOfPage":{"@id":"https:\/\/zeplace4you.com\/index.php\/panier\/#primaryimage"},"image":{"@id":"https:\/\/zeplace4you.com\/index.php\/panier\/#primaryimage"},"thumbnailUrl":"https:\/\/zeplace4you.com\/wp-content\/uploads\/woocommerce-placeholder.png","datePublished":"2024-06-05T16:28:29+00:00","dateModified":"2024-06-05T17:03:41+00:00","breadcrumb":{"@id":"https:\/\/zeplace4you.com\/index.php\/panier\/#breadcrumb"},"inLanguage":"fr-FR","potentialAction":[{"@type":"ReadAction","target":["https:\/\/zeplace4you.com\/index.php\/panier\/"]}]},{"@type":"ImageObject","inLanguage":"fr-FR","@id":"https:\/\/zeplace4you.com\/index.php\/panier\/#primaryimage","url":"https:\/\/zeplace4you.com\/wp-content\/uploads\/woocommerce-placeholder.png","contentUrl":"https:\/\/zeplace4you.com\/wp-content\/uploads\/woocommerce-placeholder.png","width":1200,"height":1200},{"@type":"BreadcrumbList","@id":"https:\/\/zeplace4you.com\/index.php\/panier\/#breadcrumb","itemListElement":[{"@type":"ListItem","position":1,"name":"Accueil","item":"https:\/\/zeplace4you.com\/"},{"@type":"ListItem","position":2,"name":"Panier"}]},{"@type":"WebSite","@id":"https:\/\/zeplace4you.com\/#website","url":"https:\/\/zeplace4you.com\/","name":"ZePlace4You","description":"Votre espace de coworking","potentialAction":[{"@type":"SearchAction","target":{"@type":"EntryPoint","urlTemplate":"https:\/\/zeplace4you.com\/?s={search_term_string}"},"query-input":{"@type":"PropertyValueSpecification","valueRequired":true,"valueName":"search_term_string"}}],"inLanguage":"fr-FR"}]}},"_links":{"self":[{"href":"https:\/\/zeplace4you.com\/index.php\/wp-json\/wp\/v2\/pages\/610","targetHints":{"allow":["GET"]}}],"collection":[{"href":"https:\/\/zeplace4you.com\/index.php\/wp-json\/wp\/v2\/pages"}],"about":[{"href":"https:\/\/zeplace4you.com\/index.php\/wp-json\/wp\/v2\/types\/page"}],"author":[{"embeddable":true,"href":"https:\/\/zeplace4you.com\/index.php\/wp-json\/wp\/v2\/users\/1"}],"replies":[{"embeddable":true,"href":"https:\/\/zeplace4you.com\/index.php\/wp-json\/wp\/v2\/comments?post=610"}],"version-history":[{"count":15,"href":"https:\/\/zeplace4you.com\/index.php\/wp-json\/wp\/v2\/pages\/610\/revisions"}],"predecessor-version":[{"id":679,"href":"https:\/\/zeplace4you.com\/index.php\/wp-json\/wp\/v2\/pages\/610\/revisions\/679"}],"wp:attachment":[{"href":"https:\/\/zeplace4you.com\/index.php\/wp-json\/wp\/v2\/media?parent=610"}],"curies":[{"name":"wp","href":"https:\/\/api.w.org\/{rel}","templated":true}]}}